(14/(-21))/((-7)/3 - -2). Let m be (-1)/h + (15/6 - -3). Calculate v(m).
1
Let a(x) = x**3 - 5*x**2 - 10*x + 7. Suppose 4*m = -0*j - 2*j - 2, 3*m - 5 = 5*j. Let n be (-18 - -3)/(-3) - j. Determine a(n).
-17
Let c(d) = d**2 - 5*d + 10. Let q be c(7). Let j be q/(-2)*(-5)/(-10). Let y(a) = -2*a - 7. Calculate y(j).
5
Let q(f) = -3*f**3 + 7*f**2 - 2*f - 9. Let s(n) = -16*n**3 + 36*n**2 - 11*n - 46. Let r(g) = 11*q(g) - 2*s(g). Give r(5).
-7
Let q(x) = x**3 - 11*x**2 - x + 5. Let w(y) = y**3 - 10*y**2 - 2*y + 4. Let v(i) = -5*q(i) + 6*w(i). What is v(6)?
-7
Let b(s) = -s**3 + 18*s**2 + 19*s - 8. Let g(f) = f**3 - 31*f**2 - 30*f - 45. Let j be g(32). Determine b(j).
-8
Let q(t) = t**2 - t + 1. Suppose -7*j + 8*j = 4*l + 12, -2*j = -2*l - 12. What is q(l)?
7
Let c(r) = 2769 - 2769 + r. Let q be -1*2 - -6 - -1. Give c(q).
5
Let w(v) = v - 4. Let n(q) = 3*q**2 - 10*q + 15. Let r be n(6). Suppose -4*c - 3*c + r = 0. Give w(c).
5
Let t(v) = 2*v + 12. Let m(y) = y + 8. Let x = -8 - -28. Suppose -8 + 42 = 4*c - d, -2*c + x = -2*d. Let b(a) = c*m(a) - 5*t(a). Determine b(4).
-4
Let t be ((-8)/(-22))/(65/715). Let c(x) = x**3 - x**2 - 4*x + 3. What is c(t)?
35
Let b(l) be the first derivative of -l**2/2 - 2*l - 17. Determine b(-3).
1
Let g(t) = -t**3 + 4*t - 3. Let c(b) = 3*b**3 + b**2 - 12*b + 10. Let z = 20 - 31. Let l(j) = z*g(j) - 4*c(j). Calculate l(-5).
-2
Let q(h) = -1 + 3 - 10*h - 2 + 1. Suppose -64 = 7*m - 50. Determine q(m).
21
Suppose -v + 32 = 7*v. Suppose -5*k + 4 = p - 3*k, k = v. Let b(u) = -1. Let r(g) = -3*g + 1. Let s(l) = -5*b(l) - r(l). What is s(p)?
-8
Let a(k) = 4*k - 6. Let p be a(3). Let c(s) = -2 + 7 - 6 + p*s + 0. What is c(1)?
5
Let k(s) = s - 1. Let d(n) = n**2 + 5*n - 41. Let g be d(-10). Determine k(g).
8
Suppose -5*a - 2 + 7 = 0. Let o(y) = -y**2 - y + 2. Let q be o(a). Suppose q*g = 5*g - 15. Let f(j) = j**3 - 5*j**2 + 2*j + 1. What is f(g)?
-11
Let r(g) = -g**3 + 3*g**2 + 5*g - 1. Let n = -9 + 22. Let f = n - 11. Suppose 2*b - 6 = 4*b, f = 2*v + 2*b. Give r(v).
3
Let q be ((-112)/(-7))/(-4) - -12. Let c(g) = g**3 - 10*g**2 + 16*g + 9. Determine c(q).
9
Let r(h) be the first derivative of -h**4/4 - 5*h**3/3 - 3*h**2/2 + 398. Determine r(-5).
15
Let s = 12 - 10. Let n(g) = 2*g**2 - 4*g + 2. Let d be n(s). Let y(q) = 13*q + 5*q - 16*q - 2*q**d + 1. Give y(-2).
-11
Let n(r) be the third derivative of r**5/60 - r**4/8 - r**3/6 - 137*r**2. What is n(3)?
-1
Let p(m) = 5*m**2 + 644 - 323 - 317 + m**3 + 4*m. Give p(-4).
4
Let w(d) = -d**3 + 4*d**2 - 3*d - 1. Let p(o) be the first derivative of o**4/4 - 2*o**3 + 7*o**2/2 + 7*o + 16. Let h be p(4). Determine w(h).
-1
Let g(w) = -w**3 + 3*w**2 + 5*w + 3. Let f = -19 - -19. Suppose -3*x + 19 + 29 = f. Suppose x*m - 13*m = 12. Calculate g(m).
7
Suppose 39 = 4*k + q, 3*k - 3*q - 43 = -q. Let z(n) = -3*n + 10 + 4*n - k. Determine z(-3).
-4
Let g = 1592 - 1593. Let q(k) = 9*k**3 - 2*k - 3*k**2 + 4*k**2 - 1 + k. What is q(g)?
-8
Let d(y) = 3*y - 3. Let u be d(2). Let a(s) = s + u - 2*s + 2*s. Suppose -25 + 31 = 2*x. Calculate a(x).
6
Let r be (-1 + 1)/(-3 + -1). Let z(t) = t**3 + t - 3. What is z(r)?
-3
Let p(a) = -a - 9. Let r be p(-6). Suppose -51 = 5*y - 8*y. Let s(i) = i**2 + y + 17 + 4*i - 31. What is s(r)?
0
Let g(w) = -w - 11. Suppose 0 = t + 4*t + 40. Let r be g(t). Let o(d) be the second derivative of d**3/2 + d**2 - 43*d. Give o(r).
-7
Let r(u) = u + 10 - 9 - 13*u**2 + 26*u**2 - 14*u**2. Give r(-1).
-1
Let i(z) = 5*z**2 + 6*z + 14. Let k(a) = -2*a**2 - 2*a - 5. Let g be 3*1*(-13)/(-13). Let d(f) = g*i(f) + 8*k(f). What is d(4)?
-6
Let k(r) = 5*r - 8. Let p(o) = 4*o - 7. Let y(u) = 5*k(u) - 6*p(u). Suppose -3*z = i + 2*z - 26, -5*i - 3*z + 42 = 0. Calculate y(i).
8
Let z be 42/8 - 9/(-12). Let m(k) = k**3 - 5*k**2 - 9*k + 4. Calculate m(z).
-14
Let p be 4 + (5 - (13 - 2)). Let t(j) = 2 - 4 - 6*j + 0. Calculate t(p).
10
Suppose 2*p = -p. Suppose -4*c - 2*o = -4*o - 18, 2*c + 4*o + 16 = p. Let x(q) = 2*q**2 - 2*q**2 + 5 + 2*q**c - q**2 - 7*q. Give x(4).
-7
Suppose 0 = 20*t + 28 + 52. Let j(d) = 2*d + 11. Give j(t).
3
Let q = 8 + -15. Let r(d) = 13*d**2 + 6*d - 7. Let t(c) = -30*c**2 - 13*c + 13. Let f(l) = 7*r(l) + 3*t(l). Give f(q).
18
Let w(d) = d**2 - 4. Suppose 4*l + 10 = m + 1, -2*l + 3*m - 7 = 0. Let c be -4 - 9/l - 1/2. Calculate w(c).
-4
Let a = -1788 - -1794. Let z(u) = u**3 - 6*u**2 + 6*u + 11. Let n(w) = -w - 1. Let x(q) = 4*n(q) + z(q). What is x(a)?
19
Let v(u) = -u**2 - 9*u - 5. Let p(b) = -b. Let z(q) = -3*p(q) + v(q). Give z(-4).
3
Let s(o) be the first derivative of o**5/15 + o**4/24 - 41*o**3/3 - 48. Let t(a) be the third derivative of s(a). Determine t(-2).
-15
Let b(s) = -3*s + 17. Let z = -40 + 47. Calculate b(z).
-4
Let g(f) = -29*f + 150. Let j be g(5). Let r(z) be the third derivative of -z**5/60 + z**4/4 - z**3/3 + z**2. Determine r(j).
3
Let c(x) = 2*x. Let i be c(1). Suppose -n = -4*z - i*n - 12, -3*n = -3*z - 24. Let a(m) = 3*m - 1. Give a(z).
-13
Let k be (-6)/(-4) + (-6)/4. Suppose k = x + 3 - 0. Let g(c) = c**2 - c + 3. Determine g(x).
15
Let q(u) = 8*u - 1. Let n(j) = 2 + j - 3 + 0. Let o be (-2)/3 + 119/21. Let k(r) = o*n(r) - q(r). Give k(-5).
11
Suppose 18*b - 16 = 16*b. Let u(g) = -1 - g**2 + 2*g**2 + b*g + 2. What is u(-6)?
-11
Let y(a) = -7*a**2 - 7*a + 12. Let f(p) = -9*p**2 - 8*p + 16. Let g(x) = 4*f(x) - 5*y(x). Calculate g(4).
0
Let o(l) = l**3 + l**2 - l - 1. Let f = 7 + -3. Let s(i) = -7*i**3 + 2*i**3 + 4 + 6*i**2 - 11*i**2 + 3*i. Let y(j) = f*o(j) + s(j). Give y(-2).
6
Suppose 1 = 2*k - 1. Let f(a) be the second derivative of -a**3/6 - a**2/2 - 1512*a. Calculate f(k).
-2
Let r(g) = -g**2 - 6*g + 9. Suppose -1 = 22*y + 175. What is r(y)?
-7
Let o(t) = -t**2 - 7*t - 2. Let r(c) = c**2 + 7*c + 1. Let k(s) = 3*o(s) + 4*r(s). Let y(g) = -g - 4. Let l be y(3). Calculate k(l).
-2
Let h(w) = -w**3 + 8*w**2 + 8*w + 11. Let a be h(9). Let o(t) = -37 + 35 + a*t + t**2 + t. Let g(s) = s**2 - 4*s - 3. Let i be g(5). What is o(i)?
8
Let d(h) = -5 + 24 + 2*h - 7 - 12. Calculate d(-1).
-2
Let d = 489 + -481. Let u(t) be the second derivative of t**4/12 - 4*t**3/3 - 5*t**2/2 - 5*t. Determine u(d).
-5
Let c(u) = -u - 7. Let y be ((-315)/252)/((-2)/(-8)). What is c(y)?
-2
Let y(x) = x + 7. Let j = -359 + 356. What is y(j)?
4
Let x(k) = -k**3 - 6*k**2 - 7. Let u = 496 - 501. Give x(u).
-32
Let q = 12320 - 7186. Let a(c) = q*c + 0 - 5132*c + 1. Determine a(-4).
-7
Let a(k) = 3*k**2 + 43*k + 22. Let d(i) = -i**2 - 15*i - 7. Let z(t) = 3*a(t) + 8*d(t). Suppose 0 = -2*o - 7 - 7. Calculate z(o).
-4
Let k(r) = r - 2. Let s(x) = 3*x - 7. Let g(h) = 7*k(h) - 2*s(h). Let i(q) = q. Let d(o) = 3*g(o) - 2*i(o). Give d(-6).
-6
Suppose 2*d - 219 + 53 = 0. Let s(m) = -d*m**2 + 2 - m**3 - m + 83*m**2. Calculate s(2).
-8
Let o(c) = -c**2 + c + 3. Let d(w) = 9*w**2 - 2*w - 3. Let s be d(-1). Suppose 0 = 2*m + s*m - 3*m. Determine o(m).
3
Let x(i) = 3*i - 5. Let y(k) = k - 1. Let q(j) = x(j) - 4*y(j). Let g(t) = -2. Let d(n) = -g(n) - q(n). Determine d(-2).
1
Let k(q) = -1 + 165*q**2 - q**3 - 337*q**2 + 173*q**2. Determine k(-3).
35
Let u = 20 - 18. Let o(c) = 127 - c - 118 - u*c. Give o(6).
-9
Let s(r) = 11*r + 1. Let j(h) be the first derivative of 10*h**2 + h - 19. Let g(u) = 6*j(u) - 11*s(u). Calculate g(-5).
0
Let q(l) = l**3 - 20*l**2 - 15*l - 129. Let o be q(21). Let g(z) = -z**3 + 5*z + 3. Determine g(o).
15
Let f(m) = -m**3 - 3*m**2 + 1. Let r be f(-2). Let u be r/(-2 - 3/(-3 + 0)). Let t(i) = 2*i + 2. What is t(u)?
8
Let p(l) be the third derivative of -l**6/120 + l**5/60 + l**4/24 - l**2. Suppose q - 4*i + 7 = 0, -i + 1 + 2 = q. Suppose a = 2*a + q. Calculate p(a).
1
Let g(a) = 11*a - 2. Let t(j) = 2*j - 1. Let n(v) = g(v) - 6*t(v). Calculate n(-5).
9
Let d = 2 + 1. Suppose -5*z = 27 + d. Let o(u) = -6*u**3 - 17*u**2 - 305*u + 2. Let p(r) = r**3 + 2*r**2 + 60*r. Let l(k) = -o(k) - 5*p(k). Give l(z).
4
Let v(h) be the second derivative of -1/2*h**2 + 0 - 7*h + 0*h**4 + 1/3*h**3 - 11/20*h**5. Determine v(1).
-10
Let w = -6 - -9. Let u(g) = 1 - g + 4*g**2 + 3*g**3 - 4*g**3 + w*g. Suppose 15*v - 36 = 6*v. Determine u(v).
9
Let z(i) = -8*i + 2. Let n(c) = 2*c + 21. Let p be n(-7). Let r(l) = l - 5. Let q be r(p). Give z(q).
-14
Let w(b) = b - 5. Let n(u) = -u**3 - 13*u